{"id":159,"date":"2023-06-30T11:00:39","date_gmt":"2023-06-30T11:00:39","guid":{"rendered":"https:\/\/sanphang.com\/?post_type=product&#038;p=159"},"modified":"2023-06-30T12:30:17","modified_gmt":"2023-06-30T12:30:17","slug":"tu-dieu-khien-may-lanh","status":"publish","type":"product","link":"https:\/\/sanphang.com\/?product=tu-dieu-khien-may-lanh","title":{"rendered":"T\u1ee7 \u0111i\u1ec1u khi\u1ec3n m\u00e1y l\u1ea1nh"},"content":{"rendered":"<p>T\u1ee7 \u0111i\u1ec1u khi\u1ec3n m\u00e1y l\u1ea1nh d\u00f9ng cho duy tr\u00ec \u0111\u1ed9 \u1ed5n \u0111\u1ecbnh c\u1ee7a b\u1ec3 nu\u00f4i c\u00e1, b\u1ec3 nu\u00f4i c\u00f4n tr\u00f9ng. S\u1eef d\u1ee5ng 1 d\u00e0n l\u1ea1nh th\u00f4ng th\u01b0\u1eddng v\u1edbi \u1ed1ng titan l\u00e0m l\u1ea1nh \u0111\u01b0\u1ee3c nh\u00fang trong b\u1ec3.<\/p>\n<p>B\u1ed9 \u0111i\u1ec1u khi\u1ec3n s\u1ebd \u0111\u1ea3m b\u1ea3o duy tr\u00ec nhi\u1ec7t \u0111\u1ed9 trong ph\u1ea1m vi cho ph\u00e9p gi\u00fap \u1ed5n \u0111\u1ecbnh m\u00f4i tr\u01b0\u1eddng c\u1ee7a v\u1eadt nu\u00f4i ho\u1eb7c bu\u1ed3ng l\u00e0m m\u00e1t.<\/p>\n<h2>M\u00d4 T\u1ea2<\/h2>\n<p>T\u1ee7 \u0111i\u1ec1u khi\u1ec3n m\u00e1y l\u1ea1nh \u0111\u01b0\u1ee3c \u0111\u1ea5u n\u1ed1i s\u1eb5n r\u1ea5t ti\u1ec7n s\u1eef d\u1ee5ng, v\u1eadt t\u01b0 g\u1ed3m \u0111\u1ed3ng h\u1ed3 \u0111i\u1ec1u khi\u1ec3n l\u1ea1nh EWELY (C\u00c1 HEO) r\u1ea5t \u01b0a chu\u1ed9ng cho c\u00e1c h\u1ec7 th\u1ed1ng \u0111i\u1ec1u khi\u1ec3n l\u1ea1nh, giao di\u1ec7n \u0111\u01a1n gi\u1ea3n, ch\u1eef led r\u00f5 n\u00e9t b\u1ec1n<\/p>\n<p>.B\u1ed9 kh\u1edfi \u0111\u1ed9ng t\u1eeb c\u01a1 gi\u00fap c\u00e1ch ly m\u1ea1ch \u0111i\u1ec1u khi\u1ec3n v\u1edbi m\u1ea1ch ngu\u1ed3n.<\/p>\n<p>CB ch\u1ed1ng d\u00f2ng r\u00f2 gi\u00fap b\u1ea3o v\u1ec7 m\u1ea1ch khi c\u00f3 s\u1ef1 c\u1ed1 r\u00f2 \u0111i\u1ec7n<\/p>\n<p>T\u1ea5t c\u1ea3 c\u00e1c thi\u1ebft b\u1ecb ch\u1ecdn l\u1ef1a ph\u00f9 h\u1ee3p v\u1edbi gi\u00e1 th\u00e0nh v\u00e0 \u0111\u1ed9 b\u1ec1n l\u00e0 s\u1ef1 l\u1ef1a ch\u1ecdn h\u1ee3p l\u00fd nh\u1ea5t.<\/p>\n<p>Nh\u01b0 \u0111\u00e3 bi\u1ebft \u0111\u1ec3 t\u1ea1o ra m\u1ed9t h\u1ec7 th\u1ed1ng l\u00e0m m\u00e1t \u1ed5n \u0111\u1ecbnh ph\u1ea3i c\u00f3 thi\u1ebft b\u1ecb \u0111i\u1ec1u khi\u1ec3n t\u1ed1i \u01b0u, ch\u1ecdn l\u1ef1a thi\u1ebft b\u1ecb \u0111\u1ec3 l\u1eafp gh\u00e9p trong t\u1ee7 \u0111\u00e1p \u1ee9ng y\u00eau c\u1ea7u theo chu\u1ea9n c\u00f4ng nghi\u1ec7p, kh\u1ea3 n\u0103ng ch\u1ed1ng n\u01b0\u1edbc, b\u1ee5i, t\u0129nh \u0111i\u1ec7n.<\/p>\n<p>&nbsp;<\/p>\n<h2>\u0110\u1eb6C T\u00cdNH<\/h2>\n<p>Tr\u1ecdn b\u1ed9 t\u1ee7 nh\u01b0 sau:<\/p>\n<ul>\n<li>Ngu\u1ed3n c\u1ea5p 220v<\/li>\n<li>T\u1ea3i 1HP 1 pha 220v<\/li>\n<li>\u0110\u00e8n b\u00e1o ngu\u1ed3n<\/li>\n<li>\u0110\u00e8n b\u00e1o ch\u1ea1y<\/li>\n<li>CB ch\u1ed1ng d\u00f2ng r\u00f2<\/li>\n<li>Kh\u1edfi \u0111\u1ed9ng t\u1eeb c\u1ea5p ngu\u1ed3n \u0111\u1ed9ng l\u1ef1c cho t\u1ea3i<\/li>\n<li>C\u1ea3m bi\u1ebfn Rtd d\u00e0i 3m<\/li>\n<\/ul>\n<h2>PH\u1ea0M VI \u1ee8NG D\u1ee4NG<\/h2>\n<p>M\u1ed9t v\u00ed d\u1ee5 v\u1ec1 t\u1ee7 \u0111i\u1ec1u khi\u1ec3n m\u00e1y l\u1ea1nh l\u00e0 duy tr\u00ec \u0111\u1ed9 \u1ed5n \u0111\u1ecbnh c\u1ee7a b\u1ec3 nu\u00f4i c\u00e1, bu\u1ed3ng l\u00e0m m\u00e1t cho c\u00f4n tr\u00f9ng.<\/p>\n<p>v\u00ed d\u1ee5 c\u00e0i \u0111\u1eb7t nhi\u1ec7t \u0111\u1ed9 l\u00e0 22 \u0111\u1ed9, c\u1ea3m bi\u1ebfn \u0111o \u0111\u01b0\u1ee3c 30 \u0111\u1ed9\u00a0 , m\u00e1y l\u1ea1nh s\u1ebd ch\u1ea1y \u0111\u1ec3 gi\u1ea3m nhi\u1ec7t \u0111\u1ed9 xu\u1ed1ng d\u01b0\u1edbi 22 \u0111\u1ed9<\/p>\n<p>Khi nhi\u1ec7t \u0111\u1ed9 c\u1ea3m bi\u1ebfn \u0111o \u0111\u01b0\u1ee3c l\u00e0 19 \u0111\u1ed9, m\u00e1y l\u1ea1nh s\u1ebd d\u1eebng \u0111\u1ec3 t\u0103ng nhi\u1ec7t theo m\u00f4i tr\u01b0\u1eddng<\/p>\n<p>C\u00f3 th\u1ec3 ch\u1ecdn sai s\u1ed1 \u0111i\u1ec1u khi\u1ec3n v\u00ed d\u1ee5 t\u1eeb 20 \u0111\u1ebfn 22, ho\u1eb7c th\u1eddi gian tr\u1ec5 ng\u00f5 ra.<\/p>\n<p>&nbsp;<\/p>\n<p><iframe loading=\"lazy\" title=\"T\u1ee7 \u0111i\u1ec1u khi\u1ec3n m\u00e1y l\u1ea1nh 1HP 220V\" width=\"500\" height=\"281\" src=\"https:\/\/www.youtube.com\/embed\/6baJC4KfLUM?feature=oembed\" frameborder=\"0\" allow=\"accelerometer; autoplay; clipboard-write; encrypted-media; gyroscope; picture-in-picture; web-share\" referrerpolicy=\"strict-origin-when-cross-origin\" allowfullscreen><\/iframe><\/p>\n<h2>T\u00c0I LI\u1ec6U<\/h2>\n<p><a href=\"https:\/\/www.manualslib.com\/manual\/2959442\/Ewelly-Ew-181.html\">B\u1ed9 \u0111i\u1ec1u khi\u1ec3n EW-181 C\u00c1 HEO\u00a0<\/a><\/p>\n<h2>CH\u00cdNH S\u00c1CH B\u1ea2O H\u00c0NH<\/h2>\n<p>B\u1ea3o h\u00e0nh 6 th\u00e1ng 1 \u0111\u1ed5i 1<\/p>\n<p>&nbsp;<\/p>\n","protected":false},"excerpt":{"rendered":"<p>T\u1ee7 \u0111i\u1ec1u khi\u1ec3n m\u00e1y l\u1ea1nh d\u00f9ng cho duy tr\u00ec \u0111\u1ed9 \u1ed5n \u0111\u1ecbnh c\u1ee7a b\u1ec3 nu\u00f4i c\u00e1, b\u1ec3 nu\u00f4i c\u00f4n tr\u00f9ng. S\u1eef d\u1ee5ng 1 d\u00e0n l\u1ea1nh th\u00f4ng th\u01b0\u1eddng v\u1edbi \u1ed1ng titan l\u00e0m l\u1ea1nh \u0111\u01b0\u1ee3c nh\u00fang trong b\u1ec3. B\u1ed9 \u0111i\u1ec1u khi\u1ec3n s\u1ebd \u0111\u1ea3m b\u1ea3o duy tr\u00ec nhi\u1ec7t \u0111\u1ed9 trong ph\u1ea1m vi cho ph\u00e9p gi\u00fap \u1ed5n \u0111\u1ecbnh m\u00f4i [&hellip;]<\/p>\n","protected":false},"featured_media":160,"comment_status":"open","ping_status":"closed","template":"","meta":[],"product_cat":[44],"product_tag":[],"class_list":{"0":"post-159","1":"product","2":"type-product","3":"status-publish","4":"has-post-thumbnail","6":"product_cat-tu-dieu-khien-may-lanh","8":"first","9":"instock","10":"sale","11":"shipping-taxable","12":"purchasable","13":"product-type-simple"},"yoast_head":"<!-- This site is optimized with the Yoast SEO plugin v20.9 - https:\/\/yoast.com\/wordpress\/plugins\/seo\/ -->\n<title>T\u1ee7 \u0111i\u1ec1u khi\u1ec3n m\u00e1y l\u1ea1nh -<\/title>\n<meta name=\"description\" content=\"T\u1ee7 \u0111i\u1ec1u khi\u1ec3n m\u00e1y l\u1ea1nh 1HP 1 pha 220v v\u1edbi b\u1ed9 \u0111i\u1ec1u khi\u1ec3n C\u00c1 HEO chuy\u00ean cho block l\u1ea1nh, T\u1ee7 bao g\u1ed3m CB ch\u1ed1ng d\u00f2ng r\u00f2, kh\u1edfi \u0111\u1ed9ng t\u1eeb v\u00e0 \u0111\u00e8n b\u00e1o ngu\u1ed3n, b\u00e1o ch\u1ea1y.\" \/>\n<meta name=\"robots\" content=\"index, follow, max-snippet:-1, max-image-preview:large, max-video-preview:-1\" \/>\n<link rel=\"canonical\" href=\"https:\/\/sanphang.com\/?product=tu-dieu-khien-may-lanh\" \/>\n<meta property=\"og:locale\" content=\"vi_VN\" \/>\n<meta property=\"og:type\" content=\"article\" \/>\n<meta property=\"og:title\" content=\"T\u1ee7 \u0111i\u1ec1u khi\u1ec3n m\u00e1y l\u1ea1nh -\" \/>\n<meta property=\"og:description\" content=\"T\u1ee7 \u0111i\u1ec1u khi\u1ec3n m\u00e1y l\u1ea1nh 1HP 1 pha 220v v\u1edbi b\u1ed9 \u0111i\u1ec1u khi\u1ec3n C\u00c1 HEO chuy\u00ean cho block l\u1ea1nh, T\u1ee7 bao g\u1ed3m CB ch\u1ed1ng d\u00f2ng r\u00f2, kh\u1edfi \u0111\u1ed9ng t\u1eeb v\u00e0 \u0111\u00e8n b\u00e1o ngu\u1ed3n, b\u00e1o ch\u1ea1y.\" \/>\n<meta property=\"og:url\" content=\"https:\/\/sanphang.com\/?product=tu-dieu-khien-may-lanh\" \/>\n<meta property=\"article:publisher\" content=\"https:\/\/www.facebook.com\/thegioitudien\" \/>\n<meta property=\"article:modified_time\" content=\"2023-06-30T12:30:17+00:00\" \/>\n<meta property=\"og:image\" content=\"https:\/\/sanphang.com\/wp-content\/uploads\/2023\/06\/Tu-dieu-khien-block-lanh-rotated-e1688122772164.jpg\" \/>\n\t<meta property=\"og:image:width\" content=\"800\" \/>\n\t<meta property=\"og:image:height\" content=\"1066\" \/>\n\t<meta property=\"og:image:type\" content=\"image\/jpeg\" \/>\n<meta name=\"twitter:card\" content=\"summary_large_image\" \/>\n<meta name=\"twitter:label1\" content=\"\u01af\u1edbc t\u00ednh th\u1eddi gian \u0111\u1ecdc\" \/>\n\t<meta name=\"twitter:data1\" content=\"2 ph\u00fat\" \/>\n<script type=\"application\/ld+json\" class=\"yoast-schema-graph\">{\"@context\":\"https:\/\/schema.org\",\"@graph\":[{\"@type\":\"WebPage\",\"@id\":\"https:\/\/sanphang.com\/?product=tu-dieu-khien-may-lanh\",\"url\":\"https:\/\/sanphang.com\/?product=tu-dieu-khien-may-lanh\",\"name\":\"T\u1ee7 \u0111i\u1ec1u khi\u1ec3n m\u00e1y l\u1ea1nh -\",\"isPartOf\":{\"@id\":\"https:\/\/sanphang.com\/#website\"},\"datePublished\":\"2023-06-30T11:00:39+00:00\",\"dateModified\":\"2023-06-30T12:30:17+00:00\",\"description\":\"T\u1ee7 \u0111i\u1ec1u khi\u1ec3n m\u00e1y l\u1ea1nh 1HP 1 pha 220v v\u1edbi b\u1ed9 \u0111i\u1ec1u khi\u1ec3n C\u00c1 HEO chuy\u00ean cho block l\u1ea1nh, T\u1ee7 bao g\u1ed3m CB ch\u1ed1ng d\u00f2ng r\u00f2, kh\u1edfi \u0111\u1ed9ng t\u1eeb v\u00e0 \u0111\u00e8n b\u00e1o ngu\u1ed3n, b\u00e1o ch\u1ea1y.\",\"breadcrumb\":{\"@id\":\"https:\/\/sanphang.com\/?product=tu-dieu-khien-may-lanh#breadcrumb\"},\"inLanguage\":\"vi\",\"potentialAction\":[{\"@type\":\"ReadAction\",\"target\":[\"https:\/\/sanphang.com\/?product=tu-dieu-khien-may-lanh\"]}]},{\"@type\":\"BreadcrumbList\",\"@id\":\"https:\/\/sanphang.com\/?product=tu-dieu-khien-may-lanh#breadcrumb\",\"itemListElement\":[{\"@type\":\"ListItem\",\"position\":1,\"name\":\"Home\",\"item\":\"https:\/\/sanphang.com\/\"},{\"@type\":\"ListItem\",\"position\":2,\"name\":\"Shop\",\"item\":\"https:\/\/sanphang.com\/?page_id=101\"},{\"@type\":\"ListItem\",\"position\":3,\"name\":\"T\u1ee7 \u0111i\u1ec1u khi\u1ec3n m\u00e1y l\u1ea1nh\"}]},{\"@type\":\"WebSite\",\"@id\":\"https:\/\/sanphang.com\/#website\",\"url\":\"https:\/\/sanphang.com\/\",\"name\":\"\",\"description\":\"THEGIOITUDIEN\",\"potentialAction\":[{\"@type\":\"SearchAction\",\"target\":{\"@type\":\"EntryPoint\",\"urlTemplate\":\"https:\/\/sanphang.com\/?s={search_term_string}\"},\"query-input\":\"required name=search_term_string\"}],\"inLanguage\":\"vi\"}]}<\/script>\n<!-- \/ Yoast SEO plugin. -->","yoast_head_json":{"title":"T\u1ee7 \u0111i\u1ec1u khi\u1ec3n m\u00e1y l\u1ea1nh -","description":"T\u1ee7 \u0111i\u1ec1u khi\u1ec3n m\u00e1y l\u1ea1nh 1HP 1 pha 220v v\u1edbi b\u1ed9 \u0111i\u1ec1u khi\u1ec3n C\u00c1 HEO chuy\u00ean cho block l\u1ea1nh, T\u1ee7 bao g\u1ed3m CB ch\u1ed1ng d\u00f2ng r\u00f2, kh\u1edfi \u0111\u1ed9ng t\u1eeb v\u00e0 \u0111\u00e8n b\u00e1o ngu\u1ed3n, b\u00e1o ch\u1ea1y.","robots":{"index":"index","follow":"follow","max-snippet":"max-snippet:-1","max-image-preview":"max-image-preview:large","max-video-preview":"max-video-preview:-1"},"canonical":"https:\/\/sanphang.com\/?product=tu-dieu-khien-may-lanh","og_locale":"vi_VN","og_type":"article","og_title":"T\u1ee7 \u0111i\u1ec1u khi\u1ec3n m\u00e1y l\u1ea1nh -","og_description":"T\u1ee7 \u0111i\u1ec1u khi\u1ec3n m\u00e1y l\u1ea1nh 1HP 1 pha 220v v\u1edbi b\u1ed9 \u0111i\u1ec1u khi\u1ec3n C\u00c1 HEO chuy\u00ean cho block l\u1ea1nh, T\u1ee7 bao g\u1ed3m CB ch\u1ed1ng d\u00f2ng r\u00f2, kh\u1edfi \u0111\u1ed9ng t\u1eeb v\u00e0 \u0111\u00e8n b\u00e1o ngu\u1ed3n, b\u00e1o ch\u1ea1y.","og_url":"https:\/\/sanphang.com\/?product=tu-dieu-khien-may-lanh","article_publisher":"https:\/\/www.facebook.com\/thegioitudien","article_modified_time":"2023-06-30T12:30:17+00:00","og_image":[{"width":800,"height":1066,"url":"https:\/\/sanphang.com\/wp-content\/uploads\/2023\/06\/Tu-dieu-khien-block-lanh-rotated-e1688122772164.jpg","type":"image\/jpeg"}],"twitter_card":"summary_large_image","twitter_misc":{"\u01af\u1edbc t\u00ednh th\u1eddi gian \u0111\u1ecdc":"2 ph\u00fat"},"schema":{"@context":"https:\/\/schema.org","@graph":[{"@type":"WebPage","@id":"https:\/\/sanphang.com\/?product=tu-dieu-khien-may-lanh","url":"https:\/\/sanphang.com\/?product=tu-dieu-khien-may-lanh","name":"T\u1ee7 \u0111i\u1ec1u khi\u1ec3n m\u00e1y l\u1ea1nh -","isPartOf":{"@id":"https:\/\/sanphang.com\/#website"},"datePublished":"2023-06-30T11:00:39+00:00","dateModified":"2023-06-30T12:30:17+00:00","description":"T\u1ee7 \u0111i\u1ec1u khi\u1ec3n m\u00e1y l\u1ea1nh 1HP 1 pha 220v v\u1edbi b\u1ed9 \u0111i\u1ec1u khi\u1ec3n C\u00c1 HEO chuy\u00ean cho block l\u1ea1nh, T\u1ee7 bao g\u1ed3m CB ch\u1ed1ng d\u00f2ng r\u00f2, kh\u1edfi \u0111\u1ed9ng t\u1eeb v\u00e0 \u0111\u00e8n b\u00e1o ngu\u1ed3n, b\u00e1o ch\u1ea1y.","breadcrumb":{"@id":"https:\/\/sanphang.com\/?product=tu-dieu-khien-may-lanh#breadcrumb"},"inLanguage":"vi","potentialAction":[{"@type":"ReadAction","target":["https:\/\/sanphang.com\/?product=tu-dieu-khien-may-lanh"]}]},{"@type":"BreadcrumbList","@id":"https:\/\/sanphang.com\/?product=tu-dieu-khien-may-lanh#breadcrumb","itemListElement":[{"@type":"ListItem","position":1,"name":"Home","item":"https:\/\/sanphang.com\/"},{"@type":"ListItem","position":2,"name":"Shop","item":"https:\/\/sanphang.com\/?page_id=101"},{"@type":"ListItem","position":3,"name":"T\u1ee7 \u0111i\u1ec1u khi\u1ec3n m\u00e1y l\u1ea1nh"}]},{"@type":"WebSite","@id":"https:\/\/sanphang.com\/#website","url":"https:\/\/sanphang.com\/","name":"","description":"THEGIOITUDIEN","potentialAction":[{"@type":"SearchAction","target":{"@type":"EntryPoint","urlTemplate":"https:\/\/sanphang.com\/?s={search_term_string}"},"query-input":"required name=search_term_string"}],"inLanguage":"vi"}]}},"_links":{"self":[{"href":"https:\/\/sanphang.com\/index.php?rest_route=\/wp\/v2\/product\/159","targetHints":{"allow":["GET"]}}],"collection":[{"href":"https:\/\/sanphang.com\/index.php?rest_route=\/wp\/v2\/product"}],"about":[{"href":"https:\/\/sanphang.com\/index.php?rest_route=\/wp\/v2\/types\/product"}],"replies":[{"embeddable":true,"href":"https:\/\/sanphang.com\/index.php?rest_route=%2Fwp%2Fv2%2Fcomments&post=159"}],"wp:featuredmedia":[{"embeddable":true,"href":"https:\/\/sanphang.com\/index.php?rest_route=\/wp\/v2\/media\/160"}],"wp:attachment":[{"href":"https:\/\/sanphang.com\/index.php?rest_route=%2Fwp%2Fv2%2Fmedia&parent=159"}],"wp:term":[{"taxonomy":"product_cat","embeddable":true,"href":"https:\/\/sanphang.com\/index.php?rest_route=%2Fwp%2Fv2%2Fproduct_cat&post=159"},{"taxonomy":"product_tag","embeddable":true,"href":"https:\/\/sanphang.com\/index.php?rest_route=%2Fwp%2Fv2%2Fproduct_tag&post=159"}],"curies":[{"name":"wp","href":"https:\/\/api.w.org\/{rel}","templated":true}]}}